04. Give b(-8).
4
Let o(h) = 2*h**2 - 73*h + 513. Determine o(23).
-108
Let h(c) = -3*c**3 - 39*c**2 + 9*c + 35. What is h(-13)?
-82
Let g(w) = -109*w + 2837. What is g(26)?
3
Let p(u) = -30*u - 114. Determine p(-6).
66
Let i(v) = -3*v**3 - 18*v**2 + 19*v - 1. Calculate i(1).
-3
Let o(a) = -a**3 - 11*a**2 - 25*a - 7. Determine o(-4).
-19
Let p(w) = -w**2 - 4*w + 15. Give p(4).
-17
Let c(w) = -w**3 - w**2 - 40*w + 6. Calculate c(-5).
306
Let p(t) = t**3 + 8*t**2 - 5*t - 49. Calculate p(-9).
-85
Let m(h) = 84*h + 126. What is m(-2)?
-42
Let x(l) = -10*l + 263. Give x(21).
53
Let f(o) = -4*o**2 + 28*o - 88. Calculate f(3).
-40
Let y(v) = -105*v - 2590. What is y(-24)?
-70
Let t(d) = -d**3 + 2*d**2 - 3*d - 10. Determine t(-4).
98
Let h(d) = 2*d**3 + 7*d**2 - 16*d - 43. Give h(-4).
5
Let f(p) = 1459*p + 32104. What is f(-22)?
6
Let i(m) = -3*m**2 - 59*m + 40. Calculate i(-20).
20
Let q(x) = 10*x - 175. Give q(46).
285
Let b(f) = 38*f - 359. What is b(19)?
363
Let a(f) = f**3 - 26*f**2 - 7*f + 150. Determine a(26).
-32
Let c(v) = -13*v + 102. Give c(21).
-171
Let s(d) = 3*d**2 - 45*d - 226. What is s(19)?
2
Let g(x) = 2*x**3 + 21*x**2 - 18*x - 12. Calculate g(-10).
268
Let v(z) = 2683*z + 18800. Determine v(-7).
19
Let c(k) = -2*k**3 + 154*k**2 + 2*k - 244. What is c(77)?
-90
Let a(p) = 5886*p + 23549. Determine a(-4).
5
Let f(g) = 9*g**3 - 3*g**2 + 7*g + 7. Calculate f(-1).
-12
Let w(z) = 2*z**2 + 74*z + 675. Calculate w(-15).
15
Let o(h) = -h**3 + 62*h**2 + 130*h - 49. Determine o(64).
79
Let j(u) = -4*u**2 - 103*u - 54. Give j(-25).
21
Let x(p) = 4*p**3 + 88*p**2 + 76*p - 176. What is x(-21)?
-8
Let n(q) = -43*q + 36. Give n(5).
-179
Let i(u) = -75*u + 2103. What is i(28)?
3
Let o(r) = -r**2 - 48*r - 163. Determine o(-3).
-28
Let k(v) = -6*v + 213. Give k(27).
51
Let g(w) = w**3 - 14*w**2 - 149*w + 52. Determine g(21).
10
Let m(t) = -t**3 + 7*t**2 + 70*t - 483. What is m(8)?
13
Let u(y) = -58*y**2 + 82*y + 3. Give u(2).
-65
Let l(p) = 656*p - 24271. What is l(37)?
1
Let q(v) = 55*v**3 - 5*v - 4. Give q(-1).
-54
Let b(t) = 2*t**2 - 33*t - 142. What is b(7)?
-275
Let g(m) = 46*m**2 + 55*m - 327. Determine g(5).
1098
Let u(s) = 11*s**3 - 955*s**2 - 177*s + 253. What is u(87)?
-8
Let j(r) = -3*r**3 - 5*r**2 - 44*r - 88. Give j(-2).
4
Let d(r) = r**3 + 28*r**2 + 9*r + 1166. Determine d(-29).
64
Let n(i) = -22*i**3 - 288*i**2 - 35*i + 26. Give n(-13).
143
Let c(h) = 5032*h - 95611. Give c(19).
-3
Let z(v) = 49*v**2 + 40*v - 112. Give z(3).
449
Let t(q) = -3*q**3 + 44*q**2 + 7*q + 59. Determine t(15).
-61
Let q(c) = -20*c - 301. What is q(-19)?
79
Let g(o) = 139*o + 552. Calculate g(-4).
-4
Let k(h) = -2*h**3 - 17*h**2 + 2*h + 72. What is k(-8)?
-8
Let u(j) = -3*j**3 - 40*j**2 - 68*j - 255. Calculate u(-12).
-15
Let m(w) = 26*w**3 - 934*w**2 - 65*w - 258. Calculate m(36).
-6
Let c(w) = -8*w**2 - 14*w + 13. Calculate c(1).
-9
Let k(l) = l**3 - 26*l**2 + 53*l - 35. Determine k(24).
85
Let a(u) = 2*u**3 - 5*u**2 + 9*u - 8. Calculate a(2).
6
Let l(k) = k**2 - 23*k - 200. What is l(29)?
-26
Let d(m) = -12*m + 246. What is d(37)?
-198
Let x(z) = 492*z - 5399. Calculate x(11).
13
Let z(v) = v**3 - 17*v**2 + 61*v + 11. Give z(5).
16
Let s(r) = -r**2 + 9*r + 8. Determine s(17).
-128
Let f(h) = 36*h**2 - 3*h + 8. What is f(1)?
41
Let o(w) = 15*w**2 + 183*w + 545. Calculate o(-5).
5
Let g(r) = -20*r**2 - 5*r + 45. Calculate g(-2).
-25
Let v(j) = -4*j**2 - 30*j + 16. What is v(-10)?
-84
Let m(x) = 2*x**3 - 12*x**2 + 12*x - 29. Determine m(5).
-19
Let z(u) = -703*u - 56943. Determine z(-81).
0
Let t(m) = -m**3 - 21*m**2 - 3*m + 24. Give t(-21).
87
Let o(a) = -99*a**2 + a + 15. Calculate o(0).
15
Let i(g) = g**3 + 12*g**2 + 10*g + 4. Determine i(-11).
15
Let p(r) = 10*r**2 + 13*r + 28. Determine p(-3).
79
Let z(g) = -17*g**2 - 249*g + 97. Give z(-15).
7
Let r(t) = 26*t - 278. Determine r(10).
-18
Let q(y) = -27*y - 386. Calculate q(-15).
19
Let v(b) = b**2 - 380*b - 7170. Give v(-18).
-6
Let s(b) = -8*b + 83. Calculate s(6).
35
Let p(v) = -16*v**2 + 114*v - 202. Determine p(4).
-2
Let y(m) = -m**2 + 101*m - 293. What is y(3)?
1
Let u(v) = -v**3 - 49*v**2 + 366*v + 1996. What is u(-55)?
16
Let b(m) = -263*m - 1717. Determine b(-7).
124
Let o(s) = -5*s**3 + 150*s**2 + 3*s - 68. What is o(30)?
22
Let m(c) = -5*c**3 - 443*c**2 + 441*c + 1. Calculate m(1).
-6
Let t(j) = 2*j**3 + 92*j**2 + 545*j - 33. Determine t(-39).
6
Let d(p) = -3*p**2 + 45*p - 9. Give d(12).
99
Let i(f) = f**3 + 14*f**2 - 151. Calculate i(-13).
18
Let f(y) = -y**3 + 322*y**2 + 1326*y - 7166. What is f(326)?
6
Let j(k) = k + 160. Calculate j(23).
183
Let f(z) = -z**3 - 20*z**2 - 27*z - 23. Determine f(-19).
129
Let q(b) = -b**2 + 30*b - 137. What is q(25)?
-12
Let l(k) = -3*k**2 - 30*k - 70. Calculate l(-5).
5
Let y(d) = 11*d - 269. What is y(16)?
-93
Let g(k) = 1357*k + 23070. What is g(-17)?
1
Let r(j) = -9*j**3 + 20*j**2 + 122*j + 18. Determine r(5).
3
Let f(k) = -3*k**2 - 16*k + 85. Determine f(4).
-27
Let u(y) = y**3 - 3*y**2 - 82*y - 100. What is u(11)?
-34
Let m(f) = 65*f + 1735. What is m(-27)?
-20
Let k(v) = 13*v**3 + 78*v**2 + 10*v + 52. What is k(-6)?
-8
Let l(s) = s**2 + 27*s - 510. What is l(13)?
10
Let m(g) = 71*g + 3774. Determine m(-53).
11
Let t(a) = 13*a**3 + 81*a**2 + 14*a - 19. Give t(-7).
-607
Let p(q) = q**3 - 134*q**2 - 268*q - 461. Give p(136).
83
Let n(d) = -186*d - 79235. Give n(-426).
1
Let q(i) = i**3 - 19*i**2 - 20*i + 84. What is q(20)?
84
Let a(x) = 2*x**3 - 38*x**2 + 68*x - 103. Determine a(17).
-103
Let b(o) = o**3 - 39*o**2 + 35*o - 28. Give b(38).
-142
Let o(j) = 80*j + 92. Give o(-7).
-468
Let q(l) = -21*l - 490. Give q(-23).
-7
Let v(m) = -m**3 - 4*m**2 + 13*m + 40. Give v(0).
40
Let q(h) = 3*h**3 + 114*h**2 + 783*h + 15. Give q(-29).
15
Let w(s) = -s**3 - 10*s**2 + s - 2. Determine w(-7).
-156
Let l(c) = -21*c**2 - 156*c - 1056. Give l(-7).
-993
Let k(j) = -j**2 - 290*j - 10631. Calculate k(-43).
-10
Let u(b) = -b**3 + 8*b**2 - 37*b + 133. Calculate u(7).
-77
Let n(w) = w**2 - 3*w - 267. Give n(-13).
-59
Let d(w) = -2*w**3 - 2*w**2 + 13*w + 21. Determine d(-4).
65
Let h(b) = b**3 + 29*b**2 + 86*b + 197. Determine h(-26).
-11
Let t(i) = 11*i**3 - 155*i**2 + 11*i - 2. Determine t(14).
-44
Let b(l) = -l**3 - 15*l**2 + 5*l - 114. What is b(-14)?
-380
Let p(u) = 248*u - 2979. Calculate p(12).
-3
Let d(v) = v**2 - 12*v + 94. Determine d(11).
83
Let g(y) = -2*y**3 + 64*y**2 - 58*y - 1. Give g(31).
123
Let z(a) = -405*a - 3649. What is z(-9)?
-4
Let b(t) = -4*t**2 - 302*t - 147. What is b(-75)?
3
Let u(x) = 8*x**3 - x**2 + 50*x - 1. What is u(0)?
-1
Let t(r) = -92*r + 792. Determine t(9).
-36
Let n(m) = 22*m - 38. Give n(11).
204
Let y(h) = -2*h**3 + 96*h**2 + 141*h - 2093. Give y(49).
14
Let r(f) = f**3 - 22*f**2 + 103*f + 1. Determine r(7).
-13
Let g(u) = 5*u - 44. Give g(-10).
-94
Let t(x) = 6*x**2 - 624*x + 1790. Give t(101).
-28
Let i(k) = k**2 - 62*k - 490. Determine i(-7).
-7
Let x(q) = 422*q + 1288. What is x(-3)?
22
Let p(q) = 2*q**3 + 35*q**2 + 141*q - 13. What is p(-6)?
-31
Let v(m) = 3*m**2 - 34*m - 64. Give v(14).
48
Let s(v) = 50*v - 590. What is s(15)?
160
Let p(h) = -13*h**2 + 286*h - 275. Calculate p(21).
-2
Let g(p) = -p**3 + 44*p**2 + 140*p - 135. Give g(47).
-182
Let n(w) = -128*w + 1015. What is n(8)?
-9
Let r(c) = -50*c + 1472. Calculate r(32).
-128
Let m(w) = 4*w**2 - 99*w - 2390. Determine m(-15).
-5
Let t(k) = 5*k**3 - 14*k**2 - 5*k + 5. What is t(4)?
81
Let n(w) = -w**2 + 18*w + 226. Calculate n(26).
18
Let z(n) = 437*n - 2616. Determine z(6).
6
Let c(h) = -h**2 + 24*h - 16. Determine c(25).
-41
Let d(g) = -20*g - 909. What is d(-48)?
51
Let c(n) = 92*n**2 - 106*n - 106. Give c(-1).
92
Let z(i) = -i**3 - 8*i**2 + 276*i + 50. Calculate z(-21).
-13
Let f(q) = q**3 + 15*q**2 + 34*q - 2. What is f(-13)?
-106
Let w(z) = -82*z - 1454. Give w(-19).
104
Let x(v) = -201*v + 775. Calculate x(4).
-29
Let v(u) = 8*u + 485. Determine v(-58).
21
Let c(o) = 2*o**3 - 73*o**2 + 36*o + 22. Determine c(36).
22
Let m(t) = 9*t - 197. Calculate m(21).
-8
Let o(x) = -425*x + 7649. Give o(18).
-1
Let t(s) = 6*s**2 + 4*s - 1. What is t(-4)?
79
Let w(a) = 2*a**3 + 11*a**2 + 6*a - 9. What is w(-6)?
-81
Let q(m) = 2*m**3 + 51*m**2 + 59*m + 814. Determine q(-25).
-36
Let